s divided by r?
2
Let w be 1/(1/47*-1). What is the remainder when 20 is divided by (-2)/(-7) - w/7?
6
Calculate the remainder when 1/(-1) + 25 - (20 + -18) is divided by (-3 + -3)*8/(-6).
6
Let s(l) = l**3 - 14*l**2 - 14*l - 6. Calculate the remainder when 15 is divided by s(15).
6
Suppose 2 = -3*g + 11. Calculate the remainder when 24/1 + (-1)/1 is divided by (-16)/(((-18)/g)/3).
7
Let i(t) = 3*t**2 - 4*t + 4. Calculate the remainder when i(3) is divided by (-70)/(-49)*7/2.
4
Let u(o) = -o**3 + 7*o**2 + 8*o + 4. Let a be u(8). Suppose -42 = -a*v + 10. What is the remainder when v is divided by 8?
5
Let q = 6 - -9. Suppose q = 2*u - 19. What is the remainder when u is divided by 52/6 + (-3)/(-9)?
8
Let w(b) = -4*b + 2. Let j be w(-7). Suppose -m + 4*f + j = m, 5 = -2*m - 3*f. Suppose 0 = -d - 4*d + 85. Calculate the remainder when d is divided by m.
2
Let b be (-116)/(-10) + (-3)/5. Suppose 19 = 3*f - b. What is the remainder when f is divided by (1 + 0 - 0) + 5?
4
Let d = 11 + 3. Let r be 1 + 44 - 6/2. Let p = r + -2. What is the remainder when p is divided by d?
12
Suppose 0*l = -l + 14. What is the remainder when l is divided by 5?
4
Let r = 19 + 10. Suppose 0 = -3*d - 0*d - 5*b - 79, 0 = -d + 4*b - 32. Let y = -13 - d. Calculate the remainder when r is divided by y.
14
Let o = 2 - -3. What is the remainder when 8 is divided by o?
3
Suppose -4*c - 6 = 10. What is the remainder when 6 is divided by (-5)/(-3) + c/(-12)?
0
Suppose -2*r + 2*z + 30 = 0, 4*r - 3*r + 5*z = -15. Calculate the remainder when 11 is divided by ((-12)/r)/(12/(-40)).
3
Let o be (-5)/((-10)/126) + -3. Suppose 3*s = -2*s + o. Let y = 6 + 16. What is the remainder when y is divided by s?
10
What is the remainder when (-19 + 20)/(0 - 2/(-46)) is divided by 3?
2
Let p(y) = y**3 - 6*y**2 + 8*y - 7. What is the remainder when p(7) is divided by 11?
10
Suppose -4*g + 0*t = t - 8, -t - 10 = -5*g. What is the remainder when 38 is divided by -3 - 8*(g - 4)?
12
Let d = -9 - -17. Suppose 3*i = -i + 120. What is the remainder when i is divided by d?
6
Let k = -18 - -21. Suppose 3*c = -j - 3, -3*j + 27 = -0*j - k*c. What is the remainder when 29 is divided by j?
5
Suppose -4*q - o = -66, 0*o - 24 = -q - 4*o. Let p = -3 + -15. Let h = 27 + p. What is the remainder when q is divided by h?
7
Let r(p) = -p**3 + 5*p**2 - p - 2. Suppose 3*q - 5 - 4 = 0. Calculate the remainder when r(q) is divided by 5.
3
Let j(t) = t**3 + 5*t**2 - 5*t + 3. Let z be j(-6). Let s = z + 7. Suppose 0*c - 80 = -s*c. Calculate the remainder when c is divided by 11.
9
Let p(a) = -a. Let m be p(-3). Suppose -m = 3*o, 4*o - o = d - 10. What is the remainder when 39 is divided by d?
4
Suppose -1 = 2*x + 5, 24 = 4*f - 4*x. What is the remainder when 4 is divided by f?
1
Calculate the remainder when -1 - 5/(-5)*(76 - 3) is divided by 26.
20
Suppose 0*m - 6*m = -96. Calculate the remainder when m is divided by 9.
7
Suppose 5*w - 48 = -8. What is the remainder when 21 is divided by w?
5
Suppose -80 = -2*y - 2*y + 3*d, -y - d = -20. What is the remainder when 59 is divided by y?
19
Suppose 3*u = -3*k - 4 + 25, -u + 13 = 4*k. Calculate the remainder when (-12)/28 + (-104)/(-14) is divided by k.
1
Suppose -2*h - t = -59, 3*t + 148 = 4*h - t. Calculate the remainder when 127 is divided by h.
31
Let h(i) = -37*i + 2. Let f be h(-2). Suppose -v = -0*v. Suppose -3*q + q + f = v. Calculate the remainder when q is divided by 13.
12
Suppose -5*x + 20 - 5 = 0. Suppose -3*o - 3*s = -2*s - 15, -5*o + 25 = x*s. What is the remainder when 12 is divided by o?
2
Let y = -12 - -17. Suppose -h + 30 = -6*h. Let x(u) = u**2 + 6*u + 3. What is the remainder when y is divided by x(h)?
2
Let v = -117 + 164. Suppose -u + v = 8. Calculate the remainder when u is divided by 14.
11
Suppose -3*s = 4 + 2, 4*f - 118 = -5*s. What is the remainder when f is divided by 18?
14
Let k(l) = -5*l**3 + 0*l**3 - 6*l**3. Calculate the remainder when 21 is divided by k(-1).
10
Let i(n) = -9*n**2 - 2*n + 1. Let u be i(1). Let k be 2 + -3 - 2*10. Let q = u - k. What is the remainder when 31 is divided by q?
9
Suppose -3*n = 2*y - 24, -4*y - 18 = -5*n - 0*n. Let m be (-1)/(-2) + 21/n. Suppose 0 = -m*l + l + 42. What is the remainder when l is divided by 5?
4
Let r(d) = 2*d - 2. Suppose 3*k = -24 + 90. What is the remainder when k is divided by r(7)?
10
Suppose p - 2*s + 3 = 0, -16 - 9 = 5*s. Let a = p + 18. Suppose -2*n - 3*u = -19, 3*u + 66 = 5*n - 13. What is the remainder when n is divided by a?
4
Suppose 58 = 3*a + j, 5*j - 116 = -5*a - 16. Calculate the remainder when 94 is divided by a.
18
Suppose 38 + 36 = 2*n. What is the remainder when 147 is divided by n?
36
Calculate the remainder when 4*(-12)/(-16)*27 is divided by 12.
9
Let c(m) = -10*m + 2. Calculate the remainder when c(-2) is divided by ((-12)/7)/(1/(-7)).
10
Suppose -2*l = 4*d + 2*l - 48, 4*d - 2*l - 42 = 0. What is the remainder when 21 is divided by d?
10
Let j(m) = 3*m - 3. Let d be j(2). Suppose -3 = -3*f + d. Calculate the remainder when f/8 - 252/(-16) is divided by 9.
7
Let w = -3 - -8. Suppose 0 = -2*o - 4*v + 20, o - 2*o + v = 2. What is the remainder when w is divided by o?
1
Suppose -4*b = 5*r - 2*b - 9, 0 = r + 3*b - 7. Let o(g) = g**3 - g**2 + 2*g - 1. Let l be o(r). What is the remainder when 1 - (l + 24)*-1 is divided by 9?
8
Suppose 0 = -3*p + 2*z + 38, -5*p + 6*z = 2*z - 62. What is the remainder when 54 is divided by p?
12
Suppose 0*n + f = 2*n - 30, 4*f - 60 = -4*n. What is the remainder when 40 is divided by n?
10
Suppose 4*h = -5*n + 8, -4*n + 8 = 3*h + 2. Let d = 47 - 20. Suppose n*i - 3*i = -d. What is the remainder when i is divided by 3?
0
Suppose 0*j - 24 = j. Let d = -16 - j. What is the remainder when 22 is divided by d?
6
Let x be 3*(-10)/(-6)*1. Let k(l) = -l - 3. Let t be k(0). Let q = x + t. Calculate the remainder when 5 is divided by q.
1
Let y(v) = 5*v + 10. Let m(h) = 14*h + 29. Let i(j) = 3*m(j) - 8*y(j). Let q = 82 - 34. Calculate the remainder when q is divided by i(5).
14
Suppose 2*l - 2 - 18 = 0. Calculate the remainder when l is divided by 7.
3
Let q = -8 - -1. Let h = 24 + q. Let m = 61 + -28. What is the remainder when m is divided by h?
16
Let x = -9 - -15. Suppose x = v + l, 0*v + l = -5*v + 10. Calculate the remainder when -3 + v + (-19)/(-1) is divided by 6.
5
Let z(v) = -v**3 + 14*v**2 + 2*v - 11. What is the remainder when 4/(-6) + 203/3 is divided by z(14)?
16
Calculate the remainder when 3/((-9)/(-69)) + (3 - 4) is divided by 14 + -3 + 0 + 1.
10
Suppose -4*o - 3*i = -21, -8*o + 3*o = -5*i - 35. What is the remainder when 20 is divided by o?
2
Let h(o) = o**2 + 5*o - 3. Let g(v) = v**3 + 4*v**2 - 5*v + 5. Calculate the remainder when g(-5) is divided by h(-6).
2
Suppose -2*k + 7*k - 95 = 0. Let z = 0 + -2. What is the remainder when 3 + 54 - z/(-1) is divided by k?
17
Suppose 3*y + z - 44 = -0*z, 3*z = -3*y + 36. What is the remainder when 222 is divided by y?
14
Let p(o) = -7*o**2 + 2*o - 2. Let h be p(2). Let l = 47 + h. What is the remainder when 39 is divided by l?
18
Suppose -o + 20 = -2*w, -2*o + 5*o - 52 = 2*w. What is the remainder when 62 is divided by o?
14
Let m(i) = i**3 + 2*i. Suppose 0 = -5*b - 137 - 28. Calculate the remainder when 2/(-11) + (-1524)/b is divided by m(2).
10
Let t = 6 - -3. Calculate the remainder when 25 is divided by t.
7
Let z(u) = -u**3 - 2*u**2 + 3*u + 2. Let b = -6 - -1. What is the remainder when z(b) is divided by 13?
10
Let d = 99 - 46. Suppose 2*f - 38 - 34 = 4*v, -3*v - 124 = -4*f. What is the remainder when d is divided by f?
25
Let q(s) = 2*s**2 - 8*s + 6. Let x = -43 - -60. Let g = x + -8. What is the remainder when q(5) is divided by g?
7
Suppose -3*u + 3 = 3*l, 2*u + 2*u + l = 7. Suppose -f + 1 = -u*f. Calculate the remainder when 4 is divided by f/(1 + (-9)/6).
0
Let v(r) = r**2 - r - 1. Let w(l) = -l**2 + 5*l + 5. Let x(h) = 4*v(h) + w(h). Let s be (-1)/(-4) + (-14)/(-8). What is the remainder when x(s) is divided by 8?
7
Suppose b + b - 96 = 0. What is the remainder when 94 is divided by b?
46
Let a = 134 - 88. What is the remainder when a is divided by 24?
22
Suppose -2*b = -l - 24, 0 = -3*b - b + 5*l + 60. Calculate the remainder when 19*(-1 + 1 - -1) is divided by b.
9
Let t(j) = j**2 + 4*j